{"id":2,"date":"2024-11-17T18:28:02","date_gmt":"2024-11-17T17:28:02","guid":{"rendered":"https:\/\/rieser-aufzugbau.de\/?page_id=2"},"modified":"2026-02-22T22:56:53","modified_gmt":"2026-02-22T22:56:53","slug":"startseite","status":"publish","type":"page","link":"https:\/\/rieser-aufzugbau.de\/index.php\/startseite\/","title":{"rendered":"Startseite"},"content":{"rendered":"<p>[et_pb_section fb_built=&#8220;1&#8243; fullwidth=&#8220;on&#8220; admin_label=&#8220;Section 01: HERO&#8220; module_class=&#8220;ra-hero&#8220; _builder_version=&#8220;4.16&#8243;][et_pb_fullwidth_header title=&#8220;Aufz\u00fcge f\u00fcr jeden Anwendungsbereich&#8220; subhead=&#8220;Unsere Kernkompetenz liegt in der Ma\u00dfanfertigung von Aufzuganlagen.&#8220; button_one_text=&#8220;Beratung anfragen&#8220; button_one_url=&#8220;\/kontakt&#8220; button_two_text=&#8220;Leistungen&#8220; button_two_url=&#8220;#leistungen&#8220; background_image=&#8220;http:\/\/rieser-aufzugbau.de\/wp-content\/uploads\/2026\/02\/elevator-modern-1.png&#8220; background_overlay_color=&#8220;rgba(0,0,0,0.55)&#8220; text_orientation=&#8220;center&#8220; title_font_size=&#8220;60px&#8220; title_line_height=&#8220;1.2em&#8220; content_font_size=&#8220;20px&#8220; content_line_height=&#8220;1.6em&#8220; _builder_version=&#8220;4.16&#8243; background_color=&#8220;#0F1115&#8243; min_height=&#8220;100vh&#8220; custom_padding=&#8220;0px||0px||true|false&#8220;][\/et_pb_fullwidth_header][\/et_pb_section]<\/p>\n<p>[et_pb_section fb_built=&#8220;1&#8243; admin_label=&#8220;Section 02: Intro&#8220; module_class=&#8220;ra-intro&#8220; _builder_version=&#8220;4.16&#8243; background_color=&#8220;#FFFFFF&#8220; custom_padding=&#8220;80px||80px||true|false&#8220;][et_pb_row column_structure=&#8220;1_2,1_2&#8243; _builder_version=&#8220;4.16&#8243;][et_pb_column type=&#8220;1_2&#8243; _builder_version=&#8220;4.16&#8243;][et_pb_text _builder_version=&#8220;4.16&#8243; text_font_size=&#8220;18px&#8220; text_line_height=&#8220;1.6em&#8220;]<\/p>\n<h2>Rieser Aufzugbau GmbH<\/h2>\n<p>Die Rieser Aufzugbau GmbH ist ein eigent\u00fcmergef\u00fchrtes, mittelst\u00e4ndisches Unternehmen mit Sitz in N\u00f6rdlingen. Wir bieten alle Dienstleistungen rund um den Aufzug \u2013 von der Planung \u00fcber den Bau bis zur Wartung. Aus frei am Markt erh\u00e4ltlichen Komponenten w\u00e4hlen wir die passenden L\u00f6sungen f\u00fcr Ihre individuellen Anforderungen.<\/p>\n<p>Um das Rhein-Main-Gebiet optimal zu bedienen, betreiben wir zus\u00e4tzlich eine Niederlassung in Maintal bei Frankfurt am Main.<\/p>\n<p>[\/et_pb_text][\/et_pb_column][et_pb_column type=&#8220;1_2&#8243; _builder_version=&#8220;4.16&#8243;][et_pb_image src=&#8220;http:\/\/rieser-aufzugbau.de\/wp-content\/uploads\/2026\/02\/elevator-service.png&#8220; _builder_version=&#8220;4.16&#8243; width=&#8220;100%&#8220; height=&#8220;auto&#8220;][\/et_pb_image][\/et_pb_column][\/et_pb_row][\/et_pb_section]<\/p>\n<p>[et_pb_section fb_built=&#8220;1&#8243; admin_label=&#8220;Section 03: Vorteile (3 Cards)&#8220; module_class=&#8220;ra-benefits&#8220; _builder_version=&#8220;4.16&#8243; background_color=&#8220;#F5F7FA&#8220; custom_padding=&#8220;80px||80px||true|false&#8220;][et_pb_row column_structure=&#8220;1_3,1_3,1_3&#8243; _builder_version=&#8220;4.16&#8243;][et_pb_column type=&#8220;1_3&#8243; _builder_version=&#8220;4.16&#8243;][et_pb_blurb title=&#8220;Herstellerunabh\u00e4ngig&#8220; use_icon=&#8220;on&#8220; font_icon=&#8220;||divi||400&#8243; icon_color=&#8220;#0070C0&#8243; icon_placement=&#8220;top&#8220; content_max_width=&#8220;100%&#8220; _builder_version=&#8220;4.16&#8243; header_font=&#8220;Arial Black||||||||&#8220; header_font_size=&#8220;24px&#8220; body_font_size=&#8220;16px&#8220; body_line_height=&#8220;1.6em&#8220; background_color=&#8220;#FFFFFF&#8220; custom_padding=&#8220;30px|30px|30px|30px|true|true&#8220; border_radii=&#8220;off||||&#8220; box_shadow_style=&#8220;preset1&#8243;]<br \/>\nWir finden die beste L\u00f6sung f\u00fcr Ihre Anforderungen<br \/>\n[\/et_pb_blurb][\/et_pb_column][et_pb_column type=&#8220;1_4&#8243; _builder_version=&#8220;4.16&#8243;][et_pb_blurb title=&#8220;Modernisierung&#8220; use_icon=&#8220;on&#8220; font_icon=&#8220;||divi||400&#8243; icon_color=&#8220;#0070C0&#8243; icon_placement=&#8220;top&#8220; content_max_width=&#8220;100%&#8220; _builder_version=&#8220;4.16&#8243; header_font=&#8220;Arial Black||||||||&#8220; header_font_size=&#8220;22px&#8220; body_font_size=&#8220;15px&#8220; body_line_height=&#8220;1.6em&#8220; background_color=&#8220;#F5F7FA&#8220; custom_padding=&#8220;30px|25px|30px|25px|true|true&#8220; border_radii=&#8220;off||||&#8220;]<\/p>\n<p>Effiziente L\u00f6sungen f\u00fcr bestehende Anlagen<\/p>\n<p><a href=\"\/aufzuege\/modernisierung\" class=\"et_pb_button\">Mehr erfahren<\/a><br \/>\n[\/et_pb_blurb][\/et_pb_column][et_pb_column type=&#8220;1_4&#8243; _builder_version=&#8220;4.16&#8243;][et_pb_blurb title=&#8220;Wartung &#038; Service&#8220; use_icon=&#8220;on&#8220; font_icon=&#8220;||divi||400&#8243; icon_color=&#8220;#0070C0&#8243; icon_placement=&#8220;top&#8220; content_max_width=&#8220;100%&#8220; _builder_version=&#8220;4.16&#8243; header_font=&#8220;Arial Black||||||||&#8220; header_font_size=&#8220;22px&#8220; body_font_size=&#8220;15px&#8220; body_line_height=&#8220;1.6em&#8220; background_color=&#8220;#F5F7FA&#8220; custom_padding=&#8220;30px|25px|30px|25px|true|true&#8220; border_radii=&#8220;off||||&#8220;]<\/p>\n<p>Zuverl\u00e4ssige Betreuung f\u00fcr maximale Sicherheit<\/p>\n<p><a href=\"\/service\/wartung\" class=\"et_pb_button\">Mehr erfahren<\/a><br \/>\n[\/et_pb_blurb][\/et_pb_column][et_pb_column type=&#8220;1_4&#8243; _builder_version=&#8220;4.16&#8243;][et_pb_blurb title=&#8220;Notruf&#8220; use_icon=&#8220;on&#8220; font_icon=&#8220;||divi||400&#8243; icon_color=&#8220;#CC0000&#8243; icon_placement=&#8220;top&#8220; content_max_width=&#8220;100%&#8220; _builder_version=&#8220;4.16&#8243; header_font=&#8220;Arial Black||||||||&#8220; header_font_size=&#8220;22px&#8220; body_font_size=&#8220;15px&#8220; body_line_height=&#8220;1.6em&#8220; background_color=&#8220;#F5F7FA&#8220; custom_padding=&#8220;30px|25px|30px|25px|true|true&#8220; border_radii=&#8220;off||||&#8220;]<\/p>\n<p>Sofortige Hilfe dank moderner Notruftechnik<\/p>\n<p><a href=\"\/service\/notruf\" class=\"et_pb_button\">Mehr erfahren<\/a><br \/>\n[\/et_pb_blurb][\/et_pb_column][\/et_pb_row][\/et_pb_section]<\/p>\n<p>[et_pb_section fb_built=&#8220;1&#8243; admin_label=&#8220;Section 05: Ma\u00dfanfertigung (4 Spalten)&#8220; module_class=&#8220;ra-custom&#8220; _builder_version=&#8220;4.16&#8243; background_color=&#8220;#F5F7FA&#8220; custom_padding=&#8220;80px||80px||true|false&#8220;][et_pb_row _builder_version=&#8220;4.16&#8243;][et_pb_column type=&#8220;4_4&#8243; _builder_version=&#8220;4.16&#8243;][et_pb_text _builder_version=&#8220;4.16&#8243; text_font_size=&#8220;18px&#8220; text_line_height=&#8220;1.6em&#8220; header_font=&#8220;Arial Black||||||||&#8220; header_font_size=&#8220;42px&#8220;]<\/p>\n<h2 style=\"text-align: center;\">Ma\u00dfanfertigung von Aufzuganlagen<\/h2>\n<p style=\"text-align: center;\">Jeder Aufzug wird individuell auf Ihre Anforderungen zugeschnitten<\/p>\n<p>[\/et_pb_text][\/et_pb_column][\/et_pb_row][et_pb_row column_structure=&#8220;1_4,1_4,1_4,1_4&#8243; _builder_version=&#8220;4.16&#8243;][et_pb_column type=&#8220;1_4&#8243; _builder_version=&#8220;4.16&#8243;][et_pb_blurb title=&#8220;Gegebenheiten&#8220; use_icon=&#8220;on&#8220; font_icon=&#8220;||divi||400&#8243; icon_color=&#8220;#0070C0&#8243; icon_placement=&#8220;top&#8220; _builder_version=&#8220;4.16&#8243; header_font=&#8220;Arial Black||||||||&#8220; header_font_size=&#8220;20px&#8220; body_font_size=&#8220;15px&#8220;]<\/p>\n<ul>\n<li>Bauliche Situation<\/li>\n<li>Vorhandener Schacht<\/li>\n<li>Platzverh\u00e4ltnisse<\/li>\n<\/ul>\n<p>[\/et_pb_blurb][\/et_pb_column][et_pb_column type=&#8220;1_4&#8243; _builder_version=&#8220;4.16&#8243;][et_pb_blurb title=&#8220;Konfiguration&#8220; use_icon=&#8220;on&#8220; font_icon=&#8220;||divi||400&#8243; icon_color=&#8220;#0070C0&#8243; icon_placement=&#8220;top&#8220; _builder_version=&#8220;4.16&#8243; header_font=&#8220;Arial Black||||||||&#8220; header_font_size=&#8220;20px&#8220; body_font_size=&#8220;15px&#8220;]<\/p>\n<ul>\n<li>Antriebsart<\/li>\n<li>Steuerung<\/li>\n<li>Haltestellenanzahl<\/li>\n<\/ul>\n<p>[\/et_pb_blurb][\/et_pb_column][et_pb_column type=&#8220;1_4&#8243; _builder_version=&#8220;4.16&#8243;][et_pb_blurb title=&#8220;Ma\u00dfe&#8220; use_icon=&#8220;on&#8220; font_icon=&#8220;||divi||400&#8243; icon_color=&#8220;#0070C0&#8243; icon_placement=&#8220;top&#8220; _builder_version=&#8220;4.16&#8243; header_font=&#8220;Arial Black||||||||&#8220; header_font_size=&#8220;20px&#8220; body_font_size=&#8220;15px&#8220;]<\/p>\n<ul>\n<li>Kabinengr\u00f6\u00dfe<\/li>\n<li>T\u00fcrbreite<\/li>\n<li>F\u00f6rderh\u00f6he<\/li>\n<\/ul>\n<p>[\/et_pb_blurb][\/et_pb_column][et_pb_column type=&#8220;1_4&#8243; _builder_version=&#8220;4.16&#8243;][et_pb_blurb title=&#8220;Ausstattung&#8220; use_icon=&#8220;on&#8220; font_icon=&#8220;||divi||400&#8243; icon_color=&#8220;#0070C0&#8243; icon_placement=&#8220;top&#8220; _builder_version=&#8220;4.16&#8243; header_font=&#8220;Arial Black||||||||&#8220; header_font_size=&#8220;20px&#8220; body_font_size=&#8220;15px&#8220;]<\/p>\n<ul>\n<li>Kabinendesign<\/li>\n<li>Materialien<\/li>\n<li>Zusatzfunktionen<\/li>\n<\/ul>\n<p>[\/et_pb_blurb][\/et_pb_column][\/et_pb_row][\/et_pb_section]<\/p>\n<p>[et_pb_section fb_built=&#8220;1&#8243; admin_label=&#8220;Section 06: Standorte (2 Cards)&#8220; module_class=&#8220;ra-locations&#8220; _builder_version=&#8220;4.16&#8243; background_color=&#8220;#FFFFFF&#8220; custom_padding=&#8220;80px||80px||true|false&#8220;][et_pb_row column_structure=&#8220;1_2,1_2&#8243; _builder_version=&#8220;4.16&#8243;][et_pb_column type=&#8220;1_2&#8243; _builder_version=&#8220;4.16&#8243;][et_pb_cta title=&#8220;N\u00f6rdlingen&#8220; button_url=&#8220;\/ueber-uns\/noerdlingen&#8220; button_text=&#8220;Mehr erfahren&#8220; background_image=&#8220;http:\/\/rieser-aufzugbau.de\/wp-content\/uploads\/2026\/02\/elevator-modern-2.png&#8220; background_overlay_color=&#8220;rgba(0,0,0,0.5)&#8220; _builder_version=&#8220;4.16&#8243; header_font=&#8220;Arial Black||||||||&#8220; header_font_size=&#8220;32px&#8220; body_font_size=&#8220;16px&#8220; background_color=&#8220;#232A36&#8243; min_height=&#8220;350px&#8220; custom_padding=&#8220;40px|40px|40px|40px|true|true&#8220;]<\/p>\n<p>Produktion &#038; Verwaltung<\/p>\n<p>Hier entstehen unsere Aufz\u00fcge<\/p>\n<p>[\/et_pb_cta][\/et_pb_column][et_pb_column type=&#8220;1_2&#8243; _builder_version=&#8220;4.16&#8243;][et_pb_cta title=&#8220;Maintal&#8220; button_url=&#8220;\/ueber-uns\/maintal&#8220; button_text=&#8220;Mehr erfahren&#8220; background_image=&#8220;http:\/\/rieser-aufzugbau.de\/wp-content\/uploads\/2026\/02\/team-meeting.png&#8220; background_overlay_color=&#8220;rgba(0,0,0,0.5)&#8220; _builder_version=&#8220;4.16&#8243; header_font=&#8220;Arial Black||||||||&#8220; header_font_size=&#8220;32px&#8220; body_font_size=&#8220;16px&#8220; background_color=&#8220;#232A36&#8243; min_height=&#8220;350px&#8220; custom_padding=&#8220;40px|40px|40px|40px|true|true&#8220;]<\/p>\n<p>Service Rhein-Main<\/p>\n<p>Schnelle Reaktion in der Region<\/p>\n<p>[\/et_pb_cta][\/et_pb_column][\/et_pb_row][\/et_pb_section]<\/p>\n<p>[et_pb_section fb_built=&#8220;1&#8243; admin_label=&#8220;Section 07: Referenzen Teaser&#8220; module_class=&#8220;ra-references-teaser&#8220; _builder_version=&#8220;4.16&#8243; background_color=&#8220;#F5F7FA&#8220; custom_padding=&#8220;80px||80px||true|false&#8220;][et_pb_row _builder_version=&#8220;4.16&#8243;][et_pb_column type=&#8220;4_4&#8243; _builder_version=&#8220;4.16&#8243;][et_pb_text _builder_version=&#8220;4.16&#8243; header_font=&#8220;Arial Black||||||||&#8220; header_font_size=&#8220;42px&#8220; text_orientation=&#8220;center&#8220;]<\/p>\n<h2>Referenzen<\/h2>\n<p>Einige unserer realisierten Projekte<\/p>\n<p>[\/et_pb_text][\/et_pb_column][\/et_pb_row][et_pb_row column_structure=&#8220;1_3,1_3,1_3&#8243; _builder_version=&#8220;4.16&#8243;][et_pb_column type=&#8220;1_3&#8243; _builder_version=&#8220;4.16&#8243;][et_pb_image src=&#8220;http:\/\/rieser-aufzugbau.de\/wp-content\/uploads\/2026\/02\/elevator-modern-1.png&#8220; _builder_version=&#8220;4.16&#8243;][\/et_pb_image][et_pb_text _builder_version=&#8220;4.16&#8243;]<\/p>\n<h3>B\u00fcrogeb\u00e4ude<\/h3>\n<p>Moderne Personenaufz\u00fcge f\u00fcr B\u00fcrokomplexe<\/p>\n<p>[\/et_pb_text][\/et_pb_column][et_pb_column type=&#8220;1_3&#8243; _builder_version=&#8220;4.16&#8243;][et_pb_image src=&#8220;http:\/\/rieser-aufzugbau.de\/wp-content\/uploads\/2026\/02\/elevator-installation.png&#8220; _builder_version=&#8220;4.16&#8243;][\/et_pb_image][et_pb_text _builder_version=&#8220;4.16&#8243;]<\/p>\n<h3>Wohnhaus<\/h3>\n<p>Komfortable L\u00f6sungen f\u00fcr Mehrfamilienh\u00e4user<\/p>\n<p>[\/et_pb_text][\/et_pb_column][et_pb_column type=&#8220;1_3&#8243; _builder_version=&#8220;4.16&#8243;][et_pb_image src=&#8220;http:\/\/rieser-aufzugbau.de\/wp-content\/uploads\/2026\/02\/elevator-service.png&#8220; _builder_version=&#8220;4.16&#8243;][\/et_pb_image][et_pb_text _builder_version=&#8220;4.16&#8243;]<\/p>\n<h3>Service<\/h3>\n<p>Wartung und Modernisierung bestehender Anlagen<\/p>\n<p>[\/et_pb_text][\/et_pb_column][\/et_pb_row][et_pb_row _builder_version=&#8220;4.16&#8243;][et_pb_column type=&#8220;4_4&#8243; _builder_version=&#8220;4.16&#8243;][et_pb_button button_text=&#8220;Alle Referenzen&#8220; button_url=&#8220;\/referenzen&#8220; button_alignment=&#8220;center&#8220; _builder_version=&#8220;4.16&#8243; custom_button=&#8220;on&#8220; button_text_color=&#8220;#FFFFFF&#8220; button_bg_color=&#8220;#0070C0&#8243; button_font=&#8220;Arial Black||||||||&#8220; button_use_icon=&#8220;off&#8220;][\/et_pb_button][\/et_pb_column][\/et_pb_row][\/et_pb_section]<\/p>\n<p>[et_pb_section fb_built=&#8220;1&#8243; admin_label=&#8220;Section 08: CTA (dunkel)&#8220; module_class=&#8220;ra-cta&#8220; _builder_version=&#8220;4.16&#8243; background_color=&#8220;#0F1115&#8243; custom_padding=&#8220;80px||80px||true|false&#8220;][et_pb_row column_structure=&#8220;2_3,1_3&#8243; _builder_version=&#8220;4.16&#8243;][et_pb_column type=&#8220;2_3&#8243; _builder_version=&#8220;4.16&#8243;][et_pb_text _builder_version=&#8220;4.16&#8243; text_font_size=&#8220;20px&#8220; text_text_color=&#8220;#FFFFFF&#8220; header_font=&#8220;Arial Black||||||||&#8220; header_font_size=&#8220;36px&#8220; header_text_color=&#8220;#FFFFFF&#8220;]<\/p>\n<h2>Projekt geplant?<\/h2>\n<p>Wir beraten Sie herstellerunabh\u00e4ngig und finden die beste L\u00f6sung f\u00fcr Ihre Anforderungen.<\/p>\n<p>[\/et_pb_text][\/et_pb_column][et_pb_column type=&#8220;1_3&#8243; _builder_version=&#8220;4.16&#8243;][et_pb_button button_text=&#8220;Kontakt aufnehmen&#8220; button_url=&#8220;\/kontakt&#8220; button_alignment=&#8220;center&#8220; _builder_version=&#8220;4.16&#8243; custom_button=&#8220;on&#8220; button_text_color=&#8220;#FFFFFF&#8220; button_bg_color=&#8220;#0070C0&#8243; button_font=&#8220;Arial Black||||||||&#8220; button_use_icon=&#8220;off&#8220; button_text_size=&#8220;18px&#8220; custom_padding=&#8220;16px|40px|16px|40px|true|true&#8220;][\/et_pb_button][\/et_pb_column][\/et_pb_row][\/et_pb_section]<\/p>\n","protected":false},"excerpt":{"rendered":"<p>Rieser Aufzugbau GmbH Die Rieser Aufzugbau GmbH ist ein eigent\u00fcmergef\u00fchrtes, mittelst\u00e4ndisches Unternehmen mit Sitz in N\u00f6rdlingen. Wir bieten alle Dienstleistungen rund um den Aufzug \u2013 von der Planung \u00fcber den Bau bis zur Wartung. Aus frei am Markt erh\u00e4ltlichen Komponenten w\u00e4hlen wir die passenden L\u00f6sungen f\u00fcr Ihre individuellen Anforderungen. Um das Rhein-Main-Gebiet optimal zu bedienen, [&hellip;]<\/p>\n","protected":false},"author":2,"featured_media":0,"parent":0,"menu_order":0,"comment_status":"closed","ping_status":"closed","template":"","meta":{"_et_pb_use_builder":"on","_et_pb_old_content":"<!-- wp:paragraph -->\n<p>Dies ist eine Beispiel-Seite. Sie unterscheidet sich von Beitr\u00e4gen, da sie stets an derselben Stelle bleibt und (bei den meisten Themes) in der Website-Navigation angezeigt wird. Die meisten starten mit einem Impressum, der Datenschutzerkl\u00e4rung oder einer \u201e\u00dcber\u00a0uns\u201c-Seite, um sich potenziellen Besuchern der Website vorzustellen. Dort k\u00f6nnte zum Beispiel stehen:<\/p>\n<!-- \/wp:paragraph -->\n\n<!-- wp:quote -->\n<blockquote class=\"wp-block-quote\"><p>Hallo! Tags\u00fcber arbeite ich als Fahrradkurier, nachts bin ich ein aufstrebender Schauspieler und dies hier ist meine Website. Ich lebe in Berlin, habe einen gro\u00dfen Hund namens Jack, mag Pi&#241;a Coladas, jedoch weniger (ohne Schirm) im Regen stehen gelassen zu werden.<\/p><\/blockquote>\n<!-- \/wp:quote -->\n\n<!-- wp:paragraph -->\n<p>\u2026\u00a0oder so etwas wie:<\/p>\n<!-- \/wp:paragraph -->\n\n<!-- wp:quote -->\n<blockquote class=\"wp-block-quote\"><p>Das Unternehmen XYZ wurde 1971 gegr\u00fcndet und versorgt die \u00d6ffentlichkeit seither mit qualitativ hochwertigen Produkten. An seinem Standort in einer kleinen Gro\u00dfstadt besch\u00e4ftigt der Betrieb \u00fcber 2.000 Menschen und unterst\u00fctzt die Stadtbewohner in vielfacher Hinsicht.<\/p><\/blockquote>\n<!-- \/wp:quote -->\n\n<!-- wp:paragraph -->\n<p>Als neuer WordPress-Benutzer solltest du <a href=\"https:\/\/rieser-aufzugbau.de\/wp-admin\/\">dein Dashboard<\/a> aufrufen, um diese Seite zu l\u00f6schen und neue Seiten und Beitr\u00e4ge f\u00fcr deine Website erstellen. Viel Spa\u00df!<\/p>\n<!-- \/wp:paragraph -->","_et_gb_content_width":"","footnotes":""},"class_list":["post-2","page","type-page","status-publish","hentry"],"_links":{"self":[{"href":"https:\/\/rieser-aufzugbau.de\/index.php\/wp-json\/wp\/v2\/pages\/2","targetHints":{"allow":["GET"]}}],"collection":[{"href":"https:\/\/rieser-aufzugbau.de\/index.php\/wp-json\/wp\/v2\/pages"}],"about":[{"href":"https:\/\/rieser-aufzugbau.de\/index.php\/wp-json\/wp\/v2\/types\/page"}],"author":[{"embeddable":true,"href":"https:\/\/rieser-aufzugbau.de\/index.php\/wp-json\/wp\/v2\/users\/2"}],"replies":[{"embeddable":true,"href":"https:\/\/rieser-aufzugbau.de\/index.php\/wp-json\/wp\/v2\/comments?post=2"}],"version-history":[{"count":40,"href":"https:\/\/rieser-aufzugbau.de\/index.php\/wp-json\/wp\/v2\/pages\/2\/revisions"}],"predecessor-version":[{"id":143,"href":"https:\/\/rieser-aufzugbau.de\/index.php\/wp-json\/wp\/v2\/pages\/2\/revisions\/143"}],"wp:attachment":[{"href":"https:\/\/rieser-aufzugbau.de\/index.php\/wp-json\/wp\/v2\/media?parent=2"}],"curies":[{"name":"wp","href":"https:\/\/api.w.org\/{rel}","templated":true}]}}